{"id":66,"date":"2023-01-12T13:55:12","date_gmt":"2023-01-12T12:55:12","guid":{"rendered":"https:\/\/complejoeducativocesf.es\/?page_id=66"},"modified":"2023-05-29T11:41:04","modified_gmt":"2023-05-29T09:41:04","slug":"complejo-educativo","status":"publish","type":"page","link":"https:\/\/complejoeducativocesf.es\/","title":{"rendered":"COMPLEJO CESF"},"content":{"rendered":"<section class=\"wpb-content-wrapper\"><p>[vc_row css_animation=\u00bb\u00bb row_type=\u00bbrow\u00bb use_row_as_full_screen_section=\u00bbno\u00bb type=\u00bbfull_width\u00bb angled_section=\u00bbno\u00bb text_align=\u00bbleft\u00bb background_image_as_pattern=\u00bbwithout_pattern\u00bb z_index=\u00bb\u00bb][vc_column][layerslider_vc id=\u00bb2&#8243;][\/vc_column][\/vc_row][vc_row css_animation=\u00bb\u00bb row_type=\u00bbrow\u00bb use_row_as_full_screen_section=\u00bbno\u00bb type=\u00bbfull_width\u00bb angled_section=\u00bbno\u00bb text_align=\u00bbleft\u00bb background_image_as_pattern=\u00bbwithout_pattern\u00bb][vc_column]<span data-type=\"normal\" data-hover-icon-color=\"#556d96\" class=\"qode_icon_shortcode  q_font_awsome_icon fa-5x pull-center \" style=\" transition-delay: 1ms; -webkit-transition-delay: 1ms; -moz-transition-delay: 1ms; -o-transition-delay: 1ms;\"><span aria-hidden=\"true\" class=\"qode_icon_font_elegant arrow_carrot-down qode_icon_element\" style=\"color: #f39200;\" ><\/span><\/span>[vc_empty_space][\/vc_column][\/vc_row][vc_row css_animation=\u00bbelement_from_left\u00bb row_type=\u00bbrow\u00bb use_row_as_full_screen_section=\u00bbno\u00bb type=\u00bbfull_width\u00bb angled_section=\u00bbno\u00bb text_align=\u00bbleft\u00bb background_image_as_pattern=\u00bbwithout_pattern\u00bb z_index=\u00bb\u00bb][vc_column][vc_column_text]<\/p>\n<h1 style=\"text-align: center;\">COMPLEJO EDUCATIVO CIUDAD ESCOLAR &#8211; SAN FERNANDO<\/h1>\n<p>[\/vc_column_text][vc_empty_space height=\u00bb40px\u00bb][\/vc_column][\/vc_row][vc_row css_animation=\u00bbelement_from_fade\u00bb row_type=\u00bbrow\u00bb use_row_as_full_screen_section=\u00bbno\u00bb type=\u00bbfull_width\u00bb angled_section=\u00bbno\u00bb text_align=\u00bbleft\u00bb background_image_as_pattern=\u00bbwithout_pattern\u00bb z_index=\u00bb\u00bb][vc_column css_animation=\u00bbnone\u00bb][vc_column_text]<\/p>\n<h4 style=\"text-align: center;\">Situado en un entorno \u00fanico, con casi 500.000 metros cuadrados, rodeado de zonas verdes y masas boscosas de pinos, se trata de un lugar que invita al estudio, a la reflexi\u00f3n y a la desconexi\u00f3n.<\/h4>\n<p>[\/vc_column_text][vc_empty_space height=\u00bb40px\u00bb][vc_column_text]<\/p>\n<p style=\"text-align: center;\">El Complejo Educativo Ciudad Escolar \u2013 San Fernando concentra en sus instalaciones una amplia oferta educativa gracias a sus tres <a href=\"https:\/\/complejoeducativocesf.es\/index.php\/institutos\/\"><strong>institutos<\/strong><\/a> de educaci\u00f3n secundaria: IES Ciudad Escolar, IES Hotel Escuela e IES San Fernando. A ello se ha de a\u00f1adir un extenso abanico de servicios, atractivos y singulares, como el <a href=\"https:\/\/complejoeducativocesf.es\/index.php\/centro-formacion-ambiental\/\"><strong>Centro de Formaci\u00f3n Ambiental Ciudad Escolar<\/strong><\/a>, el <a href=\"https:\/\/complejoeducativocesf.es\/index.php\/centro-formacion-intercambios-intenacionales\/\"><strong>Centro de Formaci\u00f3n para Intercambios Internacionales<\/strong><\/a> y una amplia gama de instalaciones deportivas, adem\u00e1s de <a href=\"https:\/\/complejoeducativocesf.es\/index.php\/residencias\/\"><strong>residencias<\/strong><\/a>, pabellones, salones de actos e instalaciones de diversa \u00edndole para la organizaci\u00f3n de eventos educativos, culturales, musicales, empresariales, l\u00fadicos y deportivos.<\/p>\n<p>[\/vc_column_text][vc_empty_space height=\u00bb60px\u00bb][\/vc_column][\/vc_row][vc_row css_animation=\u00bb\u00bb row_type=\u00bbrow\u00bb use_row_as_full_screen_section=\u00bbno\u00bb type=\u00bbfull_width\u00bb angled_section=\u00bbno\u00bb text_align=\u00bbleft\u00bb background_image_as_pattern=\u00bbwithout_pattern\u00bb][vc_column width=\u00bb1\/6&#8243;][\/vc_column][vc_column width=\u00bb2\/3&#8243;][vc_empty_space height=\u00bb50&#8243;][vc_row_inner row_type=\u00bbrow\u00bb type=\u00bbfull_width\u00bb text_align=\u00bbcenter\u00bb css_animation=\u00bbelement_from_bottom\u00bb][vc_column_inner width=\u00bb1\/5&#8243;]<div class='q_icon_with_title small normal_icon center '><div class=\"icon_holder q_icon_animation\" style=\" transition-delay: 2ms; -webkit-transition-delay: 2ms; -moz-transition-delay: 2ms; -o-transition-delay: 2ms;\"><a itemprop=\"url\" href=\"https:\/\/complejoeducativocesf.es\/index.php\/direccion\/\" target=\"_self\" class=\"q_icon_link\"><span data-icon-type=\"normal\"  data-icon-hover-color=\"#f39200\" style=\"\" class=\"qode_iwt_icon_holder q_font_awsome_icon fa-2x  \"><i class=\"qode_icon_font_awesome fa fa-building qode_iwt_icon_element\" style=\"color: #556d96;\" ><\/i><\/span><\/a><\/div><div class=\"icon_text_holder\" style=\"\"><div class=\"icon_text_inner\" style=\"\"><h6 class=\"icon_title\" style=\"color: #556d96;\"><\/h6><p style=''><\/p><a itemprop='url' class='icon_with_title_link' href='https:\/\/complejoeducativocesf.es\/index.php\/direccion\/' target='_self' style='color: #556d96;'>DIRECCI\u00d3N DEL COMPLEJO<\/a><\/div><\/div><\/div>[\/vc_column_inner][vc_column_inner width=\u00bb1\/5&#8243;]<div class='q_icon_with_title small normal_icon center '><div class=\"icon_holder q_icon_animation\" style=\" transition-delay: 6ms; -webkit-transition-delay: 6ms; -moz-transition-delay: 6ms; -o-transition-delay: 6ms;\"><a itemprop=\"url\" href=\"https:\/\/complejoeducativocesf.es\/index.php\/institutos\/\" target=\"_self\" class=\"q_icon_link\"><span data-icon-type=\"normal\"  data-icon-hover-color=\"#f39200\" style=\"\" class=\"qode_iwt_icon_holder q_font_awsome_icon fa-2x  \"><i class=\"qode_icon_font_awesome fa fa-book qode_iwt_icon_element\" style=\"color: #556d96;\" ><\/i><\/span><\/a><\/div><div class=\"icon_text_holder\" style=\"\"><div class=\"icon_text_inner\" style=\"\"><h6 class=\"icon_title\" style=\"color: #556d96;\"><\/h6><p style=''><\/p><a itemprop='url' class='icon_with_title_link' href='https:\/\/complejoeducativocesf.es\/index.php\/institutos\/' target='_self' style='color: #556d96;'>INSTITUTOS<\/a><\/div><\/div><\/div>[\/vc_column_inner][vc_column_inner width=\u00bb1\/5&#8243;]<div class='q_icon_with_title small normal_icon center '><div class=\"icon_holder q_icon_animation\" style=\" transition-delay: 10ms; -webkit-transition-delay: 10ms; -moz-transition-delay: 10ms; -o-transition-delay: 10ms;\"><a itemprop=\"url\" href=\"https:\/\/complejoeducativocesf.es\/index.php\/centro-formacion-ambiental\/\" target=\"_self\" class=\"q_icon_link\"><span data-icon-type=\"normal\"  data-icon-hover-color=\"#f39200\" style=\"\" class=\"qode_iwt_icon_holder q_font_awsome_icon fa-2x  \"><i class=\"qode_icon_font_awesome_5 fa5 fa fa-cow qode_iwt_icon_element\" style=\"color: #556d96;\" ><\/i><\/span><\/a><\/div><div class=\"icon_text_holder\" style=\"\"><div class=\"icon_text_inner\" style=\"\"><h6 class=\"icon_title\" style=\"\"><\/h6><p style=''><\/p><a itemprop='url' class='icon_with_title_link' href='https:\/\/complejoeducativocesf.es\/index.php\/centro-formacion-ambiental\/' target='_self' style='color: #556d96;'>CENTRO FORMACI\u00d3N AMBIENTAL<\/a><\/div><\/div><\/div>[\/vc_column_inner][vc_column_inner width=\u00bb1\/5&#8243;]<div class='q_icon_with_title small normal_icon center '><div class=\"icon_holder q_icon_animation\" style=\" transition-delay: 14ms; -webkit-transition-delay: 14ms; -moz-transition-delay: 14ms; -o-transition-delay: 14ms;\"><a itemprop=\"url\" href=\"https:\/\/complejoeducativocesf.es\/index.php\/centro-formacion-intercambios-intenacionales\/\" target=\"_self\" class=\"q_icon_link\"><span data-icon-type=\"normal\"  data-icon-hover-color=\"#f39200\" style=\"\" class=\"qode_iwt_icon_holder q_font_awsome_icon fa-2x  \"><i class=\"qode_icon_font_awesome fa fa-random qode_iwt_icon_element\" style=\"color: #556d96;\" ><\/i><\/span><\/a><\/div><div class=\"icon_text_holder\" style=\"\"><div class=\"icon_text_inner\" style=\"\"><h6 class=\"icon_title\" style=\"\"><\/h6><p style=''><\/p><a itemprop='url' class='icon_with_title_link' href='https:\/\/complejoeducativocesf.es\/index.php\/centro-formacion-intercambios-intenacionales\/' target='_self' style='color: #556d96;'>CENTRO INTERCAMBIOS INTERNAC.<\/a><\/div><\/div><\/div>[\/vc_column_inner][vc_column_inner width=\u00bb1\/5&#8243;]<div class='q_icon_with_title small normal_icon center '><div class=\"icon_holder q_icon_animation\" style=\" \"><a itemprop=\"url\" href=\"https:\/\/complejoeducativocesf.es\/index.php\/residencias\/\" target=\"_self\" class=\"q_icon_link\"><span data-icon-type=\"normal\"  data-icon-hover-color=\"#f39200\" style=\"\" class=\"qode_iwt_icon_holder q_font_awsome_icon fa-2x  \"><i class=\"qode_icon_font_awesome fa fa-bed qode_iwt_icon_element\" style=\"color: #556d96;\" ><\/i><\/span><\/a><\/div><div class=\"icon_text_holder\" style=\"\"><div class=\"icon_text_inner\" style=\"\"><h6 class=\"icon_title\" style=\"\"><\/h6><p style=''><\/p><a itemprop='url' class='icon_with_title_link' href='https:\/\/complejoeducativocesf.es\/index.php\/residencias\/' target='_self' style='color: #556d96;'>RESIDENCIAS<\/a><\/div><\/div><\/div>[\/vc_column_inner][\/vc_row_inner][\/vc_column][vc_column width=\u00bb1\/6&#8243;][\/vc_column][\/vc_row][vc_row css_animation=\u00bb\u00bb row_type=\u00bbrow\u00bb use_row_as_full_screen_section=\u00bbno\u00bb type=\u00bbfull_width\u00bb angled_section=\u00bbno\u00bb text_align=\u00bbleft\u00bb background_image_as_pattern=\u00bbwithout_pattern\u00bb][vc_column]<span data-type=\"normal\"  class=\"qode_icon_shortcode  q_font_awsome_icon fa-5x pull-center q_icon_animation\" style=\" transition-delay: 1ms; -webkit-transition-delay: 1ms; -moz-transition-delay: 1ms; -o-transition-delay: 1ms;\"><span aria-hidden=\"true\" class=\"qode_icon_font_elegant arrow_carrot-down qode_icon_element\" style=\"color: #f39200;\" ><\/span><\/span>[\/vc_column][\/vc_row][vc_row css_animation=\u00bb\u00bb row_type=\u00bbrow\u00bb use_row_as_full_screen_section=\u00bbno\u00bb type=\u00bbfull_width\u00bb angled_section=\u00bbno\u00bb text_align=\u00bbleft\u00bb background_image_as_pattern=\u00bbwithout_pattern\u00bb][vc_column][vc_row_inner row_type=\u00bbrow\u00bb type=\u00bbfull_width\u00bb text_align=\u00bbleft\u00bb css_animation=\u00bb\u00bb][vc_column_inner][vc_single_image image=\u00bb514&#8243; img_size=\u00bb750&#215;452&#8243; alignment=\u00bbcenter\u00bb onclick=\u00bblink_image\u00bb qode_css_animation=\u00bb\u00bb qode_hover_animation=\u00bbzoom_in\u00bb][\/vc_column_inner][\/vc_row_inner][\/vc_column][\/vc_row][vc_row css_animation=\u00bb\u00bb row_type=\u00bbrow\u00bb use_row_as_full_screen_section=\u00bbno\u00bb type=\u00bbgrid\u00bb angled_section=\u00bbno\u00bb text_align=\u00bbleft\u00bb background_image_as_pattern=\u00bbwithout_pattern\u00bb z_index=\u00bb\u00bb][vc_column width=\u00bb1\/6&#8243;][\/vc_column][vc_column width=\u00bb2\/3&#8243; css=\u00bb.vc_custom_1680536245257{padding-left: 50px !important;}\u00bb][vc_empty_space height=\u00bb20px\u00bb][vc_column_text]<\/p>\n<h5 style=\"text-align: left;\"><a href=\"https:\/\/complejoeducativocesf.es\/index.php\/direccion\/\"><span style=\"color: #af1c1f;\"><span style=\"color: #333333;\">1. <\/span>EDIFICIO DE DIRECCI\u00d3N DEL COMPLEJO<\/span><\/a><\/h5>\n<h5 style=\"text-align: left;\"><a href=\"https:\/\/complejoeducativocesf.es\/index.php\/institutos\/\"><span style=\"color: #333333;\">2. <\/span><span style=\"color: #589de0;\">IES CIUDAD ESCOLAR<\/span><\/a><\/h5>\n<h5 style=\"text-align: left;\"><a href=\"https:\/\/complejoeducativocesf.es\/index.php\/institutos\/\"><span style=\"color: #2f3880;\"><span style=\"color: #333333;\">3.<\/span> IES HOTEL &#8211; ESCUELA <\/span><\/a><\/h5>\n<h5 style=\"text-align: left;\"><span style=\"color: #333333;\">4.<\/span><a href=\"https:\/\/complejoeducativocesf.es\/index.php\/institutos\/\"> <span style=\"color: #c4007a;\">IES SAN FERNANDO<\/span><\/a><\/h5>\n<h5 style=\"text-align: left;\"><a href=\"https:\/\/complejoeducativocesf.es\/index.php\/residencias\/\"><span style=\"color: #e6b15c;\"><span style=\"color: #333333;\">5.<\/span> RESIDENCIAS UNIVERSITARIAS (RUCE I Y RUCE II)<\/span><\/a><\/h5>\n<h5 style=\"text-align: left;\"><a href=\"https:\/\/complejoeducativocesf.es\/index.php\/centro-formacion-ambiental\/\"><span style=\"color: #333333;\">6. <\/span><span style=\"color: #faec37;\">CENTRO DE FORMACI\u00d3N AMBIENTAL CIUDAD ESCOLAR<\/span><\/a><\/h5>\n<h5 style=\"text-align: left;\"><a href=\"https:\/\/complejoeducativocesf.es\/index.php\/centro-formacion-intercambios-intenacionales\/\"><span style=\"color: #333333;\">7.<\/span> <span style=\"color: #a1c037;\">CENTRO DE FORMACI\u00d3N PARA INTERCAMBIOS INTERNACIONALES<\/span><\/a><\/h5>\n<p>[\/vc_column_text][\/vc_column][vc_column width=\u00bb1\/6&#8243;][\/vc_column][\/vc_row][vc_row css_animation=\u00bb\u00bb row_type=\u00bbrow\u00bb use_row_as_full_screen_section=\u00bbno\u00bb type=\u00bbfull_width\u00bb angled_section=\u00bbno\u00bb text_align=\u00bbleft\u00bb background_image_as_pattern=\u00bbwithout_pattern\u00bb][vc_column][vc_empty_space height=\u00bb150px\u00bb][\/vc_column][\/vc_row]<\/p>\n<\/section>","protected":false},"excerpt":{"rendered":"<p>[vc_row css_animation=\u00bb\u00bb row_type=\u00bbrow\u00bb use_row_as_full_screen_section=\u00bbno\u00bb type=\u00bbfull_width\u00bb angled_section=\u00bbno\u00bb text_align=\u00bbleft\u00bb background_image_as_pattern=\u00bbwithout_pattern\u00bb z_index=\u00bb\u00bb][vc_column][layerslider_vc id=\u00bb2&#8243;][\/vc_column][\/vc_row][vc_row css_animation=\u00bb\u00bb row_type=\u00bbrow\u00bb use_row_as_full_screen_section=\u00bbno\u00bb type=\u00bbfull_width\u00bb angled_section=\u00bbno\u00bb&#8230;<\/p>\n","protected":false},"author":1,"featured_media":0,"parent":0,"menu_order":0,"comment_status":"closed","ping_status":"closed","template":"","meta":{"footnotes":""},"class_list":["post-66","page","type-page","status-publish","hentry"],"yoast_head":"<!-- This site is optimized with the Yoast SEO plugin v27.1.1 - https:\/\/yoast.com\/product\/yoast-seo-wordpress\/ -->\n<title>Complejo Educativo Ciudad Escolar - San Fernando - CECESF<\/title>\n<meta name=\"description\" content=\"El Complejo educativo Ciudad Escolar - San Fernando es un espacio multidisciplinar de educaci\u00f3n, deportes y eventos.\" \/>\n<meta name=\"robots\" content=\"index, follow, max-snippet:-1, max-image-preview:large, max-video-preview:-1\" \/>\n<link rel=\"canonical\" href=\"https:\/\/complejoeducativocesf.es\/\" \/>\n<meta property=\"og:locale\" content=\"es_ES\" \/>\n<meta property=\"og:type\" content=\"article\" \/>\n<meta property=\"og:title\" content=\"Complejo Educativo Ciudad Escolar - San Fernando - CECESF\" \/>\n<meta property=\"og:description\" content=\"El Complejo educativo Ciudad Escolar - San Fernando es un espacio multidisciplinar de educaci\u00f3n, deportes y eventos.\" \/>\n<meta property=\"og:url\" content=\"https:\/\/complejoeducativocesf.es\/\" \/>\n<meta property=\"og:site_name\" content=\"Complejo Educativo Ciudad Escolar - San Fernando\" \/>\n<meta property=\"article:modified_time\" content=\"2023-05-29T09:41:04+00:00\" \/>\n<meta property=\"og:image\" content=\"https:\/\/complejoeducativocesf.es\/wp-content\/uploads\/2023\/01\/complejo.jpg\" \/>\n\t<meta property=\"og:image:width\" content=\"2000\" \/>\n\t<meta property=\"og:image:height\" content=\"1333\" \/>\n\t<meta property=\"og:image:type\" content=\"image\/jpeg\" \/>\n<meta name=\"twitter:card\" content=\"summary_large_image\" \/>\n<meta name=\"twitter:label1\" content=\"Tiempo de lectura\" \/>\n\t<meta name=\"twitter:data1\" content=\"2 minutos\" \/>\n<script type=\"application\/ld+json\" class=\"yoast-schema-graph\">{\"@context\":\"https:\/\/schema.org\",\"@graph\":[{\"@type\":\"WebPage\",\"@id\":\"https:\/\/complejoeducativocesf.es\/\",\"url\":\"https:\/\/complejoeducativocesf.es\/\",\"name\":\"Complejo Educativo Ciudad Escolar - San Fernando - CECESF\",\"isPartOf\":{\"@id\":\"https:\/\/complejoeducativocesf.es\/#website\"},\"datePublished\":\"2023-01-12T12:55:12+00:00\",\"dateModified\":\"2023-05-29T09:41:04+00:00\",\"description\":\"El Complejo educativo Ciudad Escolar - San Fernando es un espacio multidisciplinar de educaci\u00f3n, deportes y eventos.\",\"breadcrumb\":{\"@id\":\"https:\/\/complejoeducativocesf.es\/#breadcrumb\"},\"inLanguage\":\"es\",\"potentialAction\":[{\"@type\":\"ReadAction\",\"target\":[\"https:\/\/complejoeducativocesf.es\/\"]}]},{\"@type\":\"BreadcrumbList\",\"@id\":\"https:\/\/complejoeducativocesf.es\/#breadcrumb\",\"itemListElement\":[{\"@type\":\"ListItem\",\"position\":1,\"name\":\"Portada\",\"item\":\"https:\/\/complejoeducativocesf.es\/\"},{\"@type\":\"ListItem\",\"position\":2,\"name\":\"COMPLEJO CESF\"}]},{\"@type\":\"WebSite\",\"@id\":\"https:\/\/complejoeducativocesf.es\/#website\",\"url\":\"https:\/\/complejoeducativocesf.es\/\",\"name\":\"Complejo Educativo Ciudad Escolar - San Fernando\",\"description\":\"CECESF\",\"publisher\":{\"@id\":\"https:\/\/complejoeducativocesf.es\/#organization\"},\"alternateName\":\"Complejo Educativo CESF\",\"potentialAction\":[{\"@type\":\"SearchAction\",\"target\":{\"@type\":\"EntryPoint\",\"urlTemplate\":\"https:\/\/complejoeducativocesf.es\/?s={search_term_string}\"},\"query-input\":{\"@type\":\"PropertyValueSpecification\",\"valueRequired\":true,\"valueName\":\"search_term_string\"}}],\"inLanguage\":\"es\"},{\"@type\":\"Organization\",\"@id\":\"https:\/\/complejoeducativocesf.es\/#organization\",\"name\":\"Complejo Educativo Ciudad Escolar - San Fernando\",\"alternateName\":\"Complejo Educativo CESF\",\"url\":\"https:\/\/complejoeducativocesf.es\/\",\"logo\":{\"@type\":\"ImageObject\",\"inLanguage\":\"es\",\"@id\":\"https:\/\/complejoeducativocesf.es\/#\/schema\/logo\/image\/\",\"url\":\"https:\/\/complejoeducativocesf.es\/wp-content\/uploads\/2023\/03\/logo_sombra_trans.png\",\"contentUrl\":\"https:\/\/complejoeducativocesf.es\/wp-content\/uploads\/2023\/03\/logo_sombra_trans.png\",\"width\":250,\"height\":100,\"caption\":\"Complejo Educativo Ciudad Escolar - San Fernando\"},\"image\":{\"@id\":\"https:\/\/complejoeducativocesf.es\/#\/schema\/logo\/image\/\"}}]}<\/script>\n<!-- \/ Yoast SEO plugin. -->","yoast_head_json":{"title":"Complejo Educativo Ciudad Escolar - San Fernando - CECESF","description":"El Complejo educativo Ciudad Escolar - San Fernando es un espacio multidisciplinar de educaci\u00f3n, deportes y eventos.","robots":{"index":"index","follow":"follow","max-snippet":"max-snippet:-1","max-image-preview":"max-image-preview:large","max-video-preview":"max-video-preview:-1"},"canonical":"https:\/\/complejoeducativocesf.es\/","og_locale":"es_ES","og_type":"article","og_title":"Complejo Educativo Ciudad Escolar - San Fernando - CECESF","og_description":"El Complejo educativo Ciudad Escolar - San Fernando es un espacio multidisciplinar de educaci\u00f3n, deportes y eventos.","og_url":"https:\/\/complejoeducativocesf.es\/","og_site_name":"Complejo Educativo Ciudad Escolar - San Fernando","article_modified_time":"2023-05-29T09:41:04+00:00","og_image":[{"width":2000,"height":1333,"url":"https:\/\/complejoeducativocesf.es\/wp-content\/uploads\/2023\/01\/complejo.jpg","type":"image\/jpeg"}],"twitter_card":"summary_large_image","twitter_misc":{"Tiempo de lectura":"2 minutos"},"schema":{"@context":"https:\/\/schema.org","@graph":[{"@type":"WebPage","@id":"https:\/\/complejoeducativocesf.es\/","url":"https:\/\/complejoeducativocesf.es\/","name":"Complejo Educativo Ciudad Escolar - San Fernando - CECESF","isPartOf":{"@id":"https:\/\/complejoeducativocesf.es\/#website"},"datePublished":"2023-01-12T12:55:12+00:00","dateModified":"2023-05-29T09:41:04+00:00","description":"El Complejo educativo Ciudad Escolar - San Fernando es un espacio multidisciplinar de educaci\u00f3n, deportes y eventos.","breadcrumb":{"@id":"https:\/\/complejoeducativocesf.es\/#breadcrumb"},"inLanguage":"es","potentialAction":[{"@type":"ReadAction","target":["https:\/\/complejoeducativocesf.es\/"]}]},{"@type":"BreadcrumbList","@id":"https:\/\/complejoeducativocesf.es\/#breadcrumb","itemListElement":[{"@type":"ListItem","position":1,"name":"Portada","item":"https:\/\/complejoeducativocesf.es\/"},{"@type":"ListItem","position":2,"name":"COMPLEJO CESF"}]},{"@type":"WebSite","@id":"https:\/\/complejoeducativocesf.es\/#website","url":"https:\/\/complejoeducativocesf.es\/","name":"Complejo Educativo Ciudad Escolar - San Fernando","description":"CECESF","publisher":{"@id":"https:\/\/complejoeducativocesf.es\/#organization"},"alternateName":"Complejo Educativo CESF","potentialAction":[{"@type":"SearchAction","target":{"@type":"EntryPoint","urlTemplate":"https:\/\/complejoeducativocesf.es\/?s={search_term_string}"},"query-input":{"@type":"PropertyValueSpecification","valueRequired":true,"valueName":"search_term_string"}}],"inLanguage":"es"},{"@type":"Organization","@id":"https:\/\/complejoeducativocesf.es\/#organization","name":"Complejo Educativo Ciudad Escolar - San Fernando","alternateName":"Complejo Educativo CESF","url":"https:\/\/complejoeducativocesf.es\/","logo":{"@type":"ImageObject","inLanguage":"es","@id":"https:\/\/complejoeducativocesf.es\/#\/schema\/logo\/image\/","url":"https:\/\/complejoeducativocesf.es\/wp-content\/uploads\/2023\/03\/logo_sombra_trans.png","contentUrl":"https:\/\/complejoeducativocesf.es\/wp-content\/uploads\/2023\/03\/logo_sombra_trans.png","width":250,"height":100,"caption":"Complejo Educativo Ciudad Escolar - San Fernando"},"image":{"@id":"https:\/\/complejoeducativocesf.es\/#\/schema\/logo\/image\/"}}]}},"_links":{"self":[{"href":"https:\/\/complejoeducativocesf.es\/index.php\/wp-json\/wp\/v2\/pages\/66","targetHints":{"allow":["GET"]}}],"collection":[{"href":"https:\/\/complejoeducativocesf.es\/index.php\/wp-json\/wp\/v2\/pages"}],"about":[{"href":"https:\/\/complejoeducativocesf.es\/index.php\/wp-json\/wp\/v2\/types\/page"}],"author":[{"embeddable":true,"href":"https:\/\/complejoeducativocesf.es\/index.php\/wp-json\/wp\/v2\/users\/1"}],"replies":[{"embeddable":true,"href":"https:\/\/complejoeducativocesf.es\/index.php\/wp-json\/wp\/v2\/comments?post=66"}],"version-history":[{"count":256,"href":"https:\/\/complejoeducativocesf.es\/index.php\/wp-json\/wp\/v2\/pages\/66\/revisions"}],"predecessor-version":[{"id":1580,"href":"https:\/\/complejoeducativocesf.es\/index.php\/wp-json\/wp\/v2\/pages\/66\/revisions\/1580"}],"wp:attachment":[{"href":"https:\/\/complejoeducativocesf.es\/index.php\/wp-json\/wp\/v2\/media?parent=66"}],"curies":[{"name":"wp","href":"https:\/\/api.w.org\/{rel}","templated":true}]}}