{"id":16,"date":"2023-01-12T11:29:00","date_gmt":"2023-01-12T10:29:00","guid":{"rendered":"https:\/\/complejoeducativocesf.es\/?page_id=16"},"modified":"2023-05-30T11:11:40","modified_gmt":"2023-05-30T09:11:40","slug":"institutos-cecesf","status":"publish","type":"page","link":"https:\/\/complejoeducativocesf.es\/index.php\/institutos-cecesf\/","title":{"rendered":"Institutos"},"content":{"rendered":"<section class=\"wpb-content-wrapper\"><p>[vc_row css_animation=\u00bb\u00bb row_type=\u00bbrow\u00bb use_row_as_full_screen_section=\u00bbno\u00bb type=\u00bbfull_width\u00bb angled_section=\u00bbno\u00bb text_align=\u00bbleft\u00bb background_image_as_pattern=\u00bbwithout_pattern\u00bb z_index=\u00bb\u00bb][vc_column][vc_empty_space height=\u00bb125px\u00bb][vc_single_image image=\u00bb1375&#8243; img_size=\u00bbfull\u00bb alignment=\u00bbcenter\u00bb qode_css_animation=\u00bb\u00bb][\/vc_column][\/vc_row][vc_row css_animation=\u00bb\u00bb row_type=\u00bbrow\u00bb use_row_as_full_screen_section=\u00bbno\u00bb type=\u00bbfull_width\u00bb angled_section=\u00bbno\u00bb text_align=\u00bbleft\u00bb background_image_as_pattern=\u00bbwithout_pattern\u00bb][vc_column]<span data-type=\"normal\"  class=\"qode_icon_shortcode  q_font_awsome_icon fa-5x pull-center \" style=\" transition-delay: 1ms; -webkit-transition-delay: 1ms; -moz-transition-delay: 1ms; -o-transition-delay: 1ms;\"><span aria-hidden=\"true\" class=\"qode_icon_font_elegant arrow_carrot-down qode_icon_element\" style=\"color: #f39200;\" ><\/span><\/span>[vc_empty_space height=\u00bb16px\u00bb][vc_column_text]<\/p>\n<h1 style=\"text-align: center;\">INSTITUTOS<\/h1>\n<p>[\/vc_column_text][\/vc_column][\/vc_row][vc_row css_animation=\u00bb\u00bb row_type=\u00bbrow\u00bb use_row_as_full_screen_section=\u00bbno\u00bb type=\u00bbfull_width\u00bb angled_section=\u00bbno\u00bb text_align=\u00bbleft\u00bb background_image_as_pattern=\u00bbwithout_pattern\u00bb][vc_column][vc_empty_space height=\u00bb120px\u00bb][\/vc_column][\/vc_row][vc_row css_animation=\u00bbelement_from_left\u00bb row_type=\u00bbrow\u00bb use_row_as_full_screen_section=\u00bbno\u00bb type=\u00bbgrid\u00bb angled_section=\u00bbno\u00bb text_align=\u00bbcenter\u00bb background_image_as_pattern=\u00bbwithout_pattern\u00bb z_index=\u00bb\u00bb][vc_column width=\u00bb2\/3&#8243; css=\u00bb.vc_custom_1679678196020{padding-right: 50px !important;}\u00bb][vc_column_text]<\/p>\n<h2 style=\"text-align: left;\"><span style=\"color: #556d96;\">IES CIUDAD ESCOLAR<\/span><\/h2>\n<p>[\/vc_column_text][vc_empty_space height=\u00bb16px\u00bb][vc_hoverbox image=\u00bb1340&#8243; primary_title=\u00bb\u00bb primary_title_font_container=\u00bbcolor:%23303030&#8243; primary_title_use_theme_fonts=\u00bbyes\u00bb primary_title_css_animation=\u00bbslideInUp\u00bb hover_title=\u00bb\u00bb hover_title_font_container=\u00bbcolor:%23ffffff\u00bb hover_title_use_theme_fonts=\u00bbyes\u00bb shape=\u00bbsquare\u00bb hover_background_color=\u00bbcustom\u00bb css_animation=\u00bbslideInLeft\u00bb hover_custom_background=\u00bbrgba(85,109,150,0.78)\u00bb]<span style=\"color: #ffffff;\">Disponemos de una amplia oferta formativa, con Ciclos Formativos de 7 familias profesionales: Actividades f\u00edsicas y deportivas, Inform\u00e1tica y comunicaciones, Comercio y marketing, Agraria, Administraci\u00f3n y gesti\u00f3n, Servicios socioculturales y a la comunidad y Sanidad.<\/span>[\/vc_hoverbox][vc_empty_space height=\u00bb40px\u00bb][\/vc_column][vc_column width=\u00bb1\/3&#8243;][vc_empty_space height=\u00bb50px\u00bb]<div class=\"qode_video_box\">\n\t<a itemprop=\"image\" class=\"qode_video_image\" href=\"https:\/\/youtu.be\/tRIhcxLLwYw\" data-rel=\"prettyPhoto\">\n\t\t\t\n\t\t\t<img decoding=\"async\" src=\"https:\/\/complejoeducativocesf.es\/wp-content\/uploads\/2023\/04\/video.jpg\" \/>\n\t\t\t<span class=\"qode_video_box_button_holder\">\n\t\t\t\t<span class=\"qode_video_box_button\">\n\t\t\t\t\t<span class=\"qode_video_box_button_arrow\">\n\t\t\t\t\t<\/span>\n\t\t\t\t<\/span>\n\t\t\t<\/span>\n\t\t\t<\/a>\n<\/div>[vc_empty_space height=\u00bb16px\u00bb]<span data-type=\"normal\" data-hover-icon-color=\"#f39200\" class=\"qode_icon_shortcode  q_font_awsome_icon fa-2x pull-center \" style=\" \"><a  itemprop=\"url\" href=\"https:\/\/www.educa2.madrid.org\/web\/centro.ies.ciudadescolar.madrid\" target=\"_blank\"><span aria-hidden=\"true\" class=\"qode-icon-kiko kikol kiko-globe qode_icon_element\" style=\"color: #556d96;\" ><\/span><\/a><\/span>[vc_empty_space height=\u00bb16px\u00bb][vc_column_text]<\/p>\n<p style=\"text-align: center;\"><a href=\"https:\/\/www.educa2.madrid.org\/web\/centro.ies.ciudadescolar.madrid\" target=\"_blank\" rel=\"noopener\"><span style=\"color: #556d96;\">M\u00e1s informaci\u00f3n<\/span><\/a><\/p>\n<p>[\/vc_column_text][vc_empty_space height=\u00bb40px\u00bb][\/vc_column][\/vc_row][vc_row css_animation=\u00bb\u00bb row_type=\u00bbrow\u00bb use_row_as_full_screen_section=\u00bbno\u00bb type=\u00bbfull_width\u00bb angled_section=\u00bbno\u00bb text_align=\u00bbleft\u00bb background_image_as_pattern=\u00bbwithout_pattern\u00bb][vc_column][vc_empty_space height=\u00bb60px\u00bb]<span data-type=\"normal\"  class=\"qode_icon_shortcode  q_font_awsome_icon fa-5x pull-center q_icon_animation\" style=\" transition-delay: 1ms; -webkit-transition-delay: 1ms; -moz-transition-delay: 1ms; -o-transition-delay: 1ms;\"><span aria-hidden=\"true\" class=\"qode_icon_font_elegant arrow_carrot-down qode_icon_element\" style=\"color: #f39200;\" ><\/span><\/span>[vc_empty_space height=\u00bb100px\u00bb][\/vc_column][\/vc_row][vc_row css_animation=\u00bbelement_from_left\u00bb row_type=\u00bbrow\u00bb use_row_as_full_screen_section=\u00bbno\u00bb type=\u00bbgrid\u00bb angled_section=\u00bbno\u00bb text_align=\u00bbcenter\u00bb background_image_as_pattern=\u00bbwithout_pattern\u00bb z_index=\u00bb\u00bb][vc_column width=\u00bb2\/3&#8243; css=\u00bb.vc_custom_1679678196020{padding-right: 50px !important;}\u00bb][vc_column_text]<\/p>\n<h2 style=\"text-align: left;\"><span style=\"color: #556d96;\">IES HOTEL ESCUELA<\/span><\/h2>\n<p>[\/vc_column_text][vc_empty_space height=\u00bb16px\u00bb][vc_hoverbox image=\u00bb1238&#8243; primary_title=\u00bb\u00bb primary_title_font_container=\u00bbcolor:%23303030&#8243; primary_title_use_theme_fonts=\u00bbyes\u00bb primary_title_css_animation=\u00bbslideInUp\u00bb hover_title=\u00bb\u00bb hover_title_font_container=\u00bbcolor:%23ffffff\u00bb hover_title_use_theme_fonts=\u00bbyes\u00bb shape=\u00bbsquare\u00bb hover_background_color=\u00bbcustom\u00bb css_animation=\u00bbslideInLeft\u00bb hover_custom_background=\u00bbrgba(85,109,150,0.78)\u00bb]<span style=\"color: #ffffff;\">Estudia en el IES Hotel Escuela una profesi\u00f3n de futuro, en un entorno ideal, viviendo experiencias que te enriquecer\u00e1n como persona y como profesional y todo esto con los mejores profesionales del sector, de forma motivadora y aprendiendo a trabajar en equipo mientras te formas.<\/span><\/p>\n<p>[\/vc_hoverbox][vc_empty_space height=\u00bb40px\u00bb][\/vc_column][vc_column width=\u00bb1\/3&#8243;][vc_empty_space height=\u00bb50px\u00bb]<div class=\"qode_video_box\">\n\t<a itemprop=\"image\" class=\"qode_video_image\" href=\"https:\/\/youtu.be\/4bI5pkW31P8\" data-rel=\"prettyPhoto\">\n\t\t\t\n\t\t\t<img decoding=\"async\" src=\"https:\/\/complejoeducativocesf.es\/wp-content\/uploads\/2023\/04\/video.jpg\" \/>\n\t\t\t<span class=\"qode_video_box_button_holder\">\n\t\t\t\t<span class=\"qode_video_box_button\">\n\t\t\t\t\t<span class=\"qode_video_box_button_arrow\">\n\t\t\t\t\t<\/span>\n\t\t\t\t<\/span>\n\t\t\t<\/span>\n\t\t\t<\/a>\n<\/div>[vc_empty_space height=\u00bb16px\u00bb]<span data-type=\"normal\" data-hover-icon-color=\"#f39200\" class=\"qode_icon_shortcode  q_font_awsome_icon fa-2x pull-center \" style=\" \"><a  itemprop=\"url\" href=\"https:\/\/www.ieshotelescuela.com\/\" target=\"_blank\"><span aria-hidden=\"true\" class=\"qode-icon-kiko kikol kiko-globe qode_icon_element\" style=\"color: #556d96;\" ><\/span><\/a><\/span>[vc_empty_space height=\u00bb16px\u00bb][vc_column_text]<\/p>\n<p style=\"text-align: center;\"><a href=\"https:\/\/www.ieshotelescuela.com\/\" target=\"_blank\" rel=\"noopener\"><span style=\"color: #556d96;\">M\u00e1s informaci\u00f3n<\/span><\/a><\/p>\n<p>[\/vc_column_text][vc_empty_space height=\u00bb40px\u00bb][\/vc_column][\/vc_row][vc_row css_animation=\u00bb\u00bb row_type=\u00bbrow\u00bb use_row_as_full_screen_section=\u00bbno\u00bb type=\u00bbfull_width\u00bb angled_section=\u00bbno\u00bb text_align=\u00bbleft\u00bb background_image_as_pattern=\u00bbwithout_pattern\u00bb][vc_column][vc_empty_space height=\u00bb60px\u00bb]<span data-type=\"normal\"  class=\"qode_icon_shortcode  q_font_awsome_icon fa-5x pull-center \" style=\" transition-delay: 1ms; -webkit-transition-delay: 1ms; -moz-transition-delay: 1ms; -o-transition-delay: 1ms;\"><span aria-hidden=\"true\" class=\"qode_icon_font_elegant arrow_carrot-down qode_icon_element\" style=\"color: #f39200;\" ><\/span><\/span>[vc_empty_space height=\u00bb100px\u00bb][\/vc_column][\/vc_row][vc_row css_animation=\u00bbelement_from_left\u00bb row_type=\u00bbrow\u00bb use_row_as_full_screen_section=\u00bbno\u00bb type=\u00bbgrid\u00bb angled_section=\u00bbno\u00bb text_align=\u00bbcenter\u00bb background_image_as_pattern=\u00bbwithout_pattern\u00bb z_index=\u00bb\u00bb][vc_column css_animation=\u00bbnone\u00bb width=\u00bb2\/3&#8243; css=\u00bb.vc_custom_1680615824303{padding-right: 50px !important;}\u00bb][vc_column_text]<\/p>\n<h2 style=\"text-align: left;\"><span style=\"color: #556d96;\">IES SAN FERNANDO<\/span><\/h2>\n<p>[\/vc_column_text][vc_empty_space height=\u00bb16px\u00bb][vc_hoverbox image=\u00bb1341&#8243; primary_title=\u00bb\u00bb primary_title_font_container=\u00bbcolor:%23303030&#8243; primary_title_use_theme_fonts=\u00bbyes\u00bb primary_title_css_animation=\u00bbslideInUp\u00bb hover_title=\u00bb\u00bb hover_title_font_container=\u00bbcolor:%23ffffff\u00bb hover_title_use_theme_fonts=\u00bbyes\u00bb shape=\u00bbsquare\u00bb hover_background_color=\u00bbcustom\u00bb css_animation=\u00bbslideInLeft\u00bb hover_custom_background=\u00bbrgba(85,109,150,0.78)\u00bb]<span style=\"color: #ffffff;\">El IES San Fernando est\u00e1 situado en un marco incomparable: sus instalaciones, edificios y espacios diversos est\u00e1n muy por encima de la media de los centros de la Comunidad de Madrid. Se constituye como un Instituto en el que se imparten todos los niveles de la ESO, Bachillerato y FP.<\/span><\/p>\n<p>[\/vc_hoverbox][vc_empty_space height=\u00bb40px\u00bb][\/vc_column][vc_column width=\u00bb1\/3&#8243;][vc_empty_space height=\u00bb50px\u00bb]<div class=\"qode_video_box\">\n\t<a itemprop=\"image\" class=\"qode_video_image\" href=\"https:\/\/youtu.be\/1d7X75crkw4\" data-rel=\"prettyPhoto\">\n\t\t\t\n\t\t\t<img decoding=\"async\" src=\"https:\/\/complejoeducativocesf.es\/wp-content\/uploads\/2023\/04\/video.jpg\" \/>\n\t\t\t<span class=\"qode_video_box_button_holder\">\n\t\t\t\t<span class=\"qode_video_box_button\">\n\t\t\t\t\t<span class=\"qode_video_box_button_arrow\">\n\t\t\t\t\t<\/span>\n\t\t\t\t<\/span>\n\t\t\t<\/span>\n\t\t\t<\/a>\n<\/div>[vc_empty_space height=\u00bb16px\u00bb]<span data-type=\"normal\" data-hover-icon-color=\"#f39200\" class=\"qode_icon_shortcode  q_font_awsome_icon fa-2x pull-center \" style=\" \"><a  itemprop=\"url\" href=\"http:\/\/www.iessanfernando.com\/\" target=\"_blank\"><span aria-hidden=\"true\" class=\"qode-icon-kiko kikol kiko-globe qode_icon_element\" style=\"color: #556d96;\" ><\/span><\/a><\/span>[vc_empty_space height=\u00bb16px\u00bb][vc_column_text]<\/p>\n<p style=\"text-align: center;\"><a href=\"http:\/\/www.iessanfernando.com\/\" target=\"_blank\" rel=\"noopener\"><span style=\"color: #556d96;\">M\u00e1s informaci\u00f3n<\/span><\/a><\/p>\n<p>[\/vc_column_text][vc_empty_space height=\u00bb40px\u00bb][\/vc_column][\/vc_row][vc_row css_animation=\u00bb\u00bb row_type=\u00bbrow\u00bb use_row_as_full_screen_section=\u00bbno\u00bb type=\u00bbfull_width\u00bb angled_section=\u00bbno\u00bb text_align=\u00bbleft\u00bb background_image_as_pattern=\u00bbwithout_pattern\u00bb][vc_column][vc_empty_space height=\u00bb150px\u00bb][\/vc_column][\/vc_row]<\/p>\n<\/section>","protected":false},"excerpt":{"rendered":"<p>[vc_row css_animation=\u00bb\u00bb row_type=\u00bbrow\u00bb use_row_as_full_screen_section=\u00bbno\u00bb type=\u00bbfull_width\u00bb angled_section=\u00bbno\u00bb text_align=\u00bbleft\u00bb background_image_as_pattern=\u00bbwithout_pattern\u00bb z_index=\u00bb\u00bb][vc_column][vc_empty_space height=\u00bb125px\u00bb][vc_single_image image=\u00bb1375&#8243; img_size=\u00bbfull\u00bb alignment=\u00bbcenter\u00bb qode_css_animation=\u00bb\u00bb][\/vc_column][\/vc_row][vc_row css_animation=\u00bb\u00bb&#8230;<\/p>\n","protected":false},"author":1,"featured_media":0,"parent":0,"menu_order":0,"comment_status":"closed","ping_status":"closed","template":"","meta":{"footnotes":""},"class_list":["post-16","page","type-page","status-publish","hentry"],"yoast_head":"<!-- This site is optimized with the Yoast SEO plugin v27.1.1 - https:\/\/yoast.com\/product\/yoast-seo-wordpress\/ -->\n<title>Institutos - Complejo Educativo Ciudad Escolar - San Fernando<\/title>\n<meta name=\"description\" content=\"El CECESF cuenta con 3 institutos p\u00fablicos de ESO y FP. IES Ciudad Escolar, IES San Fernando e IES Hotel Escuela\" \/>\n<meta name=\"robots\" content=\"index, follow, max-snippet:-1, max-image-preview:large, max-video-preview:-1\" \/>\n<link rel=\"canonical\" href=\"https:\/\/complejoeducativocesf.es\/index.php\/institutos-cecesf\/\" \/>\n<meta property=\"og:locale\" content=\"es_ES\" \/>\n<meta property=\"og:type\" content=\"article\" \/>\n<meta property=\"og:title\" content=\"Institutos - Complejo Educativo Ciudad Escolar - San Fernando\" \/>\n<meta property=\"og:description\" content=\"El CECESF cuenta con 3 institutos p\u00fablicos de ESO y FP. IES Ciudad Escolar, IES San Fernando e IES Hotel Escuela\" \/>\n<meta property=\"og:url\" content=\"https:\/\/complejoeducativocesf.es\/index.php\/institutos-cecesf\/\" \/>\n<meta property=\"og:site_name\" content=\"Complejo Educativo Ciudad Escolar - San Fernando\" \/>\n<meta property=\"article:modified_time\" content=\"2023-05-30T09:11:40+00:00\" \/>\n<meta property=\"og:image\" content=\"https:\/\/complejoeducativocesf.es\/wp-content\/uploads\/2023\/01\/complejo.jpg\" \/>\n\t<meta property=\"og:image:width\" content=\"2000\" \/>\n\t<meta property=\"og:image:height\" content=\"1333\" \/>\n\t<meta property=\"og:image:type\" content=\"image\/jpeg\" \/>\n<meta name=\"twitter:card\" content=\"summary_large_image\" \/>\n<meta name=\"twitter:label1\" content=\"Tiempo de lectura\" \/>\n\t<meta name=\"twitter:data1\" content=\"2 minutos\" \/>\n<script type=\"application\/ld+json\" class=\"yoast-schema-graph\">{\"@context\":\"https:\/\/schema.org\",\"@graph\":[{\"@type\":\"WebPage\",\"@id\":\"https:\/\/complejoeducativocesf.es\/index.php\/institutos-cecesf\/\",\"url\":\"https:\/\/complejoeducativocesf.es\/index.php\/institutos-cecesf\/\",\"name\":\"Institutos - Complejo Educativo Ciudad Escolar - San Fernando\",\"isPartOf\":{\"@id\":\"https:\/\/complejoeducativocesf.es\/#website\"},\"datePublished\":\"2023-01-12T10:29:00+00:00\",\"dateModified\":\"2023-05-30T09:11:40+00:00\",\"description\":\"El CECESF cuenta con 3 institutos p\u00fablicos de ESO y FP. IES Ciudad Escolar, IES San Fernando e IES Hotel Escuela\",\"breadcrumb\":{\"@id\":\"https:\/\/complejoeducativocesf.es\/index.php\/institutos-cecesf\/#breadcrumb\"},\"inLanguage\":\"es\",\"potentialAction\":[{\"@type\":\"ReadAction\",\"target\":[\"https:\/\/complejoeducativocesf.es\/index.php\/institutos-cecesf\/\"]}]},{\"@type\":\"BreadcrumbList\",\"@id\":\"https:\/\/complejoeducativocesf.es\/index.php\/institutos-cecesf\/#breadcrumb\",\"itemListElement\":[{\"@type\":\"ListItem\",\"position\":1,\"name\":\"Portada\",\"item\":\"https:\/\/complejoeducativocesf.es\/\"},{\"@type\":\"ListItem\",\"position\":2,\"name\":\"Institutos\"}]},{\"@type\":\"WebSite\",\"@id\":\"https:\/\/complejoeducativocesf.es\/#website\",\"url\":\"https:\/\/complejoeducativocesf.es\/\",\"name\":\"Complejo Educativo Ciudad Escolar - San Fernando\",\"description\":\"CECESF\",\"publisher\":{\"@id\":\"https:\/\/complejoeducativocesf.es\/#organization\"},\"alternateName\":\"Complejo Educativo CESF\",\"potentialAction\":[{\"@type\":\"SearchAction\",\"target\":{\"@type\":\"EntryPoint\",\"urlTemplate\":\"https:\/\/complejoeducativocesf.es\/?s={search_term_string}\"},\"query-input\":{\"@type\":\"PropertyValueSpecification\",\"valueRequired\":true,\"valueName\":\"search_term_string\"}}],\"inLanguage\":\"es\"},{\"@type\":\"Organization\",\"@id\":\"https:\/\/complejoeducativocesf.es\/#organization\",\"name\":\"Complejo Educativo Ciudad Escolar - San Fernando\",\"alternateName\":\"Complejo Educativo CESF\",\"url\":\"https:\/\/complejoeducativocesf.es\/\",\"logo\":{\"@type\":\"ImageObject\",\"inLanguage\":\"es\",\"@id\":\"https:\/\/complejoeducativocesf.es\/#\/schema\/logo\/image\/\",\"url\":\"https:\/\/complejoeducativocesf.es\/wp-content\/uploads\/2023\/03\/logo_sombra_trans.png\",\"contentUrl\":\"https:\/\/complejoeducativocesf.es\/wp-content\/uploads\/2023\/03\/logo_sombra_trans.png\",\"width\":250,\"height\":100,\"caption\":\"Complejo Educativo Ciudad Escolar - San Fernando\"},\"image\":{\"@id\":\"https:\/\/complejoeducativocesf.es\/#\/schema\/logo\/image\/\"}}]}<\/script>\n<!-- \/ Yoast SEO plugin. -->","yoast_head_json":{"title":"Institutos - Complejo Educativo Ciudad Escolar - San Fernando","description":"El CECESF cuenta con 3 institutos p\u00fablicos de ESO y FP. IES Ciudad Escolar, IES San Fernando e IES Hotel Escuela","robots":{"index":"index","follow":"follow","max-snippet":"max-snippet:-1","max-image-preview":"max-image-preview:large","max-video-preview":"max-video-preview:-1"},"canonical":"https:\/\/complejoeducativocesf.es\/index.php\/institutos-cecesf\/","og_locale":"es_ES","og_type":"article","og_title":"Institutos - Complejo Educativo Ciudad Escolar - San Fernando","og_description":"El CECESF cuenta con 3 institutos p\u00fablicos de ESO y FP. IES Ciudad Escolar, IES San Fernando e IES Hotel Escuela","og_url":"https:\/\/complejoeducativocesf.es\/index.php\/institutos-cecesf\/","og_site_name":"Complejo Educativo Ciudad Escolar - San Fernando","article_modified_time":"2023-05-30T09:11:40+00:00","og_image":[{"width":2000,"height":1333,"url":"https:\/\/complejoeducativocesf.es\/wp-content\/uploads\/2023\/01\/complejo.jpg","type":"image\/jpeg"}],"twitter_card":"summary_large_image","twitter_misc":{"Tiempo de lectura":"2 minutos"},"schema":{"@context":"https:\/\/schema.org","@graph":[{"@type":"WebPage","@id":"https:\/\/complejoeducativocesf.es\/index.php\/institutos-cecesf\/","url":"https:\/\/complejoeducativocesf.es\/index.php\/institutos-cecesf\/","name":"Institutos - Complejo Educativo Ciudad Escolar - San Fernando","isPartOf":{"@id":"https:\/\/complejoeducativocesf.es\/#website"},"datePublished":"2023-01-12T10:29:00+00:00","dateModified":"2023-05-30T09:11:40+00:00","description":"El CECESF cuenta con 3 institutos p\u00fablicos de ESO y FP. IES Ciudad Escolar, IES San Fernando e IES Hotel Escuela","breadcrumb":{"@id":"https:\/\/complejoeducativocesf.es\/index.php\/institutos-cecesf\/#breadcrumb"},"inLanguage":"es","potentialAction":[{"@type":"ReadAction","target":["https:\/\/complejoeducativocesf.es\/index.php\/institutos-cecesf\/"]}]},{"@type":"BreadcrumbList","@id":"https:\/\/complejoeducativocesf.es\/index.php\/institutos-cecesf\/#breadcrumb","itemListElement":[{"@type":"ListItem","position":1,"name":"Portada","item":"https:\/\/complejoeducativocesf.es\/"},{"@type":"ListItem","position":2,"name":"Institutos"}]},{"@type":"WebSite","@id":"https:\/\/complejoeducativocesf.es\/#website","url":"https:\/\/complejoeducativocesf.es\/","name":"Complejo Educativo Ciudad Escolar - San Fernando","description":"CECESF","publisher":{"@id":"https:\/\/complejoeducativocesf.es\/#organization"},"alternateName":"Complejo Educativo CESF","potentialAction":[{"@type":"SearchAction","target":{"@type":"EntryPoint","urlTemplate":"https:\/\/complejoeducativocesf.es\/?s={search_term_string}"},"query-input":{"@type":"PropertyValueSpecification","valueRequired":true,"valueName":"search_term_string"}}],"inLanguage":"es"},{"@type":"Organization","@id":"https:\/\/complejoeducativocesf.es\/#organization","name":"Complejo Educativo Ciudad Escolar - San Fernando","alternateName":"Complejo Educativo CESF","url":"https:\/\/complejoeducativocesf.es\/","logo":{"@type":"ImageObject","inLanguage":"es","@id":"https:\/\/complejoeducativocesf.es\/#\/schema\/logo\/image\/","url":"https:\/\/complejoeducativocesf.es\/wp-content\/uploads\/2023\/03\/logo_sombra_trans.png","contentUrl":"https:\/\/complejoeducativocesf.es\/wp-content\/uploads\/2023\/03\/logo_sombra_trans.png","width":250,"height":100,"caption":"Complejo Educativo Ciudad Escolar - San Fernando"},"image":{"@id":"https:\/\/complejoeducativocesf.es\/#\/schema\/logo\/image\/"}}]}},"_links":{"self":[{"href":"https:\/\/complejoeducativocesf.es\/index.php\/wp-json\/wp\/v2\/pages\/16","targetHints":{"allow":["GET"]}}],"collection":[{"href":"https:\/\/complejoeducativocesf.es\/index.php\/wp-json\/wp\/v2\/pages"}],"about":[{"href":"https:\/\/complejoeducativocesf.es\/index.php\/wp-json\/wp\/v2\/types\/page"}],"author":[{"embeddable":true,"href":"https:\/\/complejoeducativocesf.es\/index.php\/wp-json\/wp\/v2\/users\/1"}],"replies":[{"embeddable":true,"href":"https:\/\/complejoeducativocesf.es\/index.php\/wp-json\/wp\/v2\/comments?post=16"}],"version-history":[{"count":226,"href":"https:\/\/complejoeducativocesf.es\/index.php\/wp-json\/wp\/v2\/pages\/16\/revisions"}],"predecessor-version":[{"id":1530,"href":"https:\/\/complejoeducativocesf.es\/index.php\/wp-json\/wp\/v2\/pages\/16\/revisions\/1530"}],"wp:attachment":[{"href":"https:\/\/complejoeducativocesf.es\/index.php\/wp-json\/wp\/v2\/media?parent=16"}],"curies":[{"name":"wp","href":"https:\/\/api.w.org\/{rel}","templated":true}]}}